of 693530?
2, 5, 223, 311
List the prime factors of 5095561.
29, 175709
List the prime factors of 4709950.
2, 5, 7, 13457
List the prime factors of 19510.
2, 5, 1951
List the prime factors of 2333224.
2, 29, 89, 113
List the prime factors of 75686.
2, 13, 41, 71
What are the prime factors of 831998?
2, 415999
List the prime factors of 1000545.
3, 5, 7, 13, 733
What are the prime factors of 158369?
29, 43, 127
List the prime factors of 2913243.
3, 59, 109, 151
What are the prime factors of 534278?
2, 267139
What are the prime factors of 641124?
2, 3, 11, 1619
List the prime factors of 6465037.
1283, 5039
List the prime factors of 331627.
401, 827
What are the prime factors of 121917?
3, 40639
What are the prime factors of 304848?
2, 3, 29, 73
List the prime factors of 196460.
2, 5, 11, 19, 47
What are the prime factors of 254383?
254383
What are the prime factors of 13587423?
3, 4529141
What are the prime factors of 366514?
2, 401, 457
List the prime factors of 8023744.
2, 125371
What are the prime factors of 313836?
2, 3, 26153
List the prime factors of 406351.
11, 17, 41, 53
What are the prime factors of 449910?
2, 3, 5, 4999
What are the prime factors of 3132209?
23, 31, 191
What are the prime factors of 438210?
2, 3, 5, 541
List the prime factors of 768357.
3, 59, 1447
What are the prime factors of 1331964?
2, 3, 4111
What are the prime factors of 1932187?
113, 17099
What are the prime factors of 7050760?
2, 5, 359, 491
List the prime factors of 138144.
2, 3, 1439
List the prime factors of 255100.
2, 5, 2551
List the prime factors of 77219.
37, 2087
What are the prime factors of 171924?
2, 3, 14327
List the prime factors of 195564.
2, 3, 43, 379
List the prime factors of 18539644.
2, 131, 35381
What are the prime factors of 5902289?
5902289
List the prime factors of 18609870.
2, 3, 5, 620329
What are the prime factors of 2940880?
2, 5, 36761
What are the prime factors of 1649169?
3, 23, 31, 257
List the prime factors of 22566530.
2, 5, 7, 179, 1801
What are the prime factors of 483191?
17, 43, 661
What are the prime factors of 11922310?
2, 5, 19, 131, 479
List the prime factors of 10270688.
2, 193, 1663
List the prime factors of 1665067.
1665067
List the prime factors of 3944897.
11, 41, 8747
List the prime factors of 492999.
3, 13, 12641
List the prime factors of 1401444.
2, 3, 11, 3539
List the prime factors of 600191.
19, 31, 1019
List the prime factors of 811799.
811799
List the prime factors of 1435994.
2, 7, 14653
What are the prime factors of 20816116?
2, 887, 5867
List the prime factors of 326832.
2, 3, 11, 619
What are the prime factors of 505982?
2, 31, 8161
List the prime factors of 3281016.
2, 3, 136709
List the prime factors of 998635.
5, 11, 67, 271
What are the prime factors of 2066436?
2, 3, 61, 941
List the prime factors of 6090861.
3, 7, 290041
List the prime factors of 9037022.
2, 23, 71, 2767
What are the prime factors of 6367606?
2, 7, 157, 2897
List the prime factors of 157071.
3, 41, 1277
List the prime factors of 362836.
2, 90709
What are the prime factors of 6221783?
757, 8219
What are the prime factors of 2414066?
2, 1207033
What are the prime factors of 4385741?
71, 223, 277
List the prime factors of 286413.
3, 95471
What are the prime factors of 1995568?
2, 191, 653
List the prime factors of 608377.
7, 11, 7901
List the prime factors of 609966.
2, 3, 7, 47, 103
List the prime factors of 665459.
23, 28933
What are the prime factors of 127312?
2, 73, 109
What are the prime factors of 1361108?
2, 7, 48611
What are the prime factors of 4418855?
5, 7, 251, 503
List the prime factors of 4801116.
2, 3, 400093
What are the prime factors of 491790?
2, 3, 5, 13, 97
What are the prime factors of 2322551?
7, 11, 31, 139
List the prime factors of 260637.
3, 13, 41, 163
What are the prime factors of 11786597?
3037, 3881
List the prime factors of 58372.
2, 14593
List the prime factors of 2228519.
2228519
What are the prime factors of 17113173?
3, 7, 11, 23, 3221
List the prime factors of 1527092.
2, 7, 54539
List the prime factors of 174769.
7, 24967
What are the prime factors of 7870677?
3, 17, 37, 43, 97
What are the prime factors of 17170147?
89, 192923
What are the prime factors of 588278?
2, 19, 113, 137
What are the prime factors of 12770992?
2, 13, 4723
List the prime factors of 97302.
2, 3, 16217
What are the prime factors of 650487?
3, 216829
List the prime factors of 170546.
2, 269, 317
List the prime factors of 8279179.
151, 54829
List the prime factors of 750549.
3, 29, 8627
List the prime factors of 16451.
16451
What are the prime factors of 148698?
2, 3, 11, 751
What are the prime factors of 558868?
2, 31, 4507
List the prime factors of 188004.
2, 3, 15667
What are the prime factors of 97197?
3, 179, 181
List the prime factors of 2000438.
2, 11, 79, 1151
List the prime factors of 1316432.
2, 13, 6329
List the prime factors of 269105.
5, 107, 503
List the prime factors of 23978267.
23978267
What are the prime factors of 5730799?
19, 89, 3389
What are the prime factors of 321369?
3, 107123
List the prime factors of 456809.
456809
List the prime factors of 265841.
265841
List the prime factors of 1514322.
2, 3, 29, 967
What are the prime factors of 1449304?
2, 29, 6247
List the prime factors of 1745402.
2, 317, 2753
List the prime factors of 10425783.
3, 3475261
What are the prime factors of 2033764?
2, 41, 12401
List the prime factors of 13496.
2, 7, 241
List the prime factors of 118662.
2, 3, 19777
List the prime factors of 5435002.
2, 17, 159853
List the prime factors of 251175.
3, 5, 17, 197
List the prime factors of 3865.
5, 773
List the prime factors of 77042.
2, 7, 5503
List the prime factors of 378429.
3, 126143
List the prime factors of 60785.
5, 12157
What are the prime factors of 38696795?
5, 7739359
What are the prime factors of 163499?
7, 23357
List the prime factors of 821533.
109, 7537
List the prime factors of 29822344.
2, 3727793
What are the prime factors of 1478933?
1478933
What are the prime factors of 91906?
2, 45953
List the prime factors of 628152.
2, 3, 7, 3739
What are the prime factors of 15076?
2, 3769
What are the prime factors of 1018104?
2, 3, 59, 719
List the prime factors of 16497044.
2, 373, 11057
List the prime factors of 150895.
5, 103, 293
What are the prime factors of 6023109?
3, 2007703
What are the prime factors of 2484431?
17, 59, 2477
List the prime factors of 3292327.
3292327
List the prime factors of 41231.
41231
List the prime factors of 8743368.
2, 3, 101, 3607
What are the prime factors of 760966?
2, 380483
What are the prime factors of 1783941?
3, 43, 13829
What are the prime factors of 86844?
2, 3, 7237
What are the prime factors of 2170958?
2, 709, 1531
What are the prime factors of 1805307?
3, 7, 12281
List the prime factors of 1412010.
2, 3, 5, 29, 541
What are the prime factors of 796115?
5, 159223
What are the prime factors of 116379?
3, 67, 193
List the prime factors of 24612668.
2, 17, 23, 15737
What are the prime factors of 174548?
2, 11, 3967
List the prime factors of 474234.
2, 3, 79039
What are the prime factors of 13410950?
2, 5, 7, 38317
What are the prime factors of 239289?
3, 31, 83
List the prime factors of 86277.
3, 28759
What are the prime factors of 11080430?
2, 5, 17, 65179
What are the prime factors of 6596916?
2, 3, 101, 5443
List the prime factors of 1720728.
2, 3, 23899
List the prime factors of 217163.
217163
List the prime factors of 712920.
2, 3, 5, 13, 457
List the prime factors of 294463.
13, 22651
What are the prime factors of 897997?
19, 151, 313
List the prime factors of 11422860.
2, 3, 5, 61, 3121
List the prime factors of 1658839.
7, 13, 18229
What are the prime factors of 23641641?
3, 29, 239, 379
List the prime factors of 634619.
19, 127, 263
List the prime factors of 224782.
2, 167, 673
What are the prime factors of 19314?
2, 3, 29, 37
List the prime factors of 676108.
2, 23, 7349
What are the prime factors of 191463?
3, 19, 3359
What are the prime factors of 3038445?
3, 5, 71, 317
What are the prime factors of 494808?
2, 3, 53, 389
What are the prime factors of 543825?
3, 5, 2417
List the prime factors of 3795918.
2, 3, 7, 90379
What are the prime factors of 3291?
3, 1097
List the prime factors of 467153.
19, 23, 1069
What are 